test common factor of 231 and f?
21
Suppose 60 = -3*t - t. Let u be (-5)/(-25) - (-168)/t. Let i = -5 - u. Calculate the greatest common factor of 54 and i.
6
Suppose -30*d = -38*d + 1560. Calculate the greatest common divisor of 75 and d.
15
Suppose 5*k + 13*v - 57 = 9*v, -k - 3*v + 18 = 0. What is the greatest common divisor of 477 and k?
9
Suppose 0 = 2*d - 4*d - 2. Let t(j) = -2*j. Let v be t(d). Let u be -2 + v + 0 + 45. Calculate the greatest common divisor of u and 9.
9
Let a(z) = -52*z - 10. Let i be a(-5). Suppose 4*j = f + i, -j + 58 = f + f. Calculate the highest common factor of 155 and j.
31
Let i be 28/(-126) - 8932/(-99). Calculate the highest common factor of 945 and i.
45
Let i(w) = w**3 - 2*w**2 - 4*w - 5. Let r be i(5). Let o be 0/(-28) + (73 - -2). Calculate the greatest common factor of o and r.
25
Let h(c) = -c**2 - 15*c + 9. Let m be h(-12). Let t(q) = 75*q**2. Let f be t(-1). What is the highest common factor of f and m?
15
Let z = -2 + 2. Let d(s) = s**3 + 6. Let p be d(z). Let x be ((-72)/21)/4*-1*(-35)/(-10). Calculate the highest common divisor of x and p.
3
Suppose -l + 5*n + 8 + 16 = 0, 0 = n + 4. Suppose -2*u + 15 = u, -l*j = 5*u - 73. What is the greatest common divisor of j and 18?
6
Suppose -8*o - 111 = -703. What is the greatest common factor of o and 259?
37
Let d = 152 + -131. Calculate the greatest common divisor of 756 and d.
21
Suppose 0 = 3*l - 7 - 2. Suppose -4*a - l = -75. What is the highest common factor of 2 and a?
2
Let y(f) = f**3 - 16*f**2 + 14*f + 29. Let d be y(15). Calculate the highest common factor of d and 490.
14
Let h(n) = -n + 16. Let x be 2 + -2 + 2 + 5. Let m be h(x). Suppose -5*c - r = -7, 5*r - 19 = 2*c - 11. Calculate the greatest common divisor of m and c.
1
Suppose -5*m + 488 = 2*l, 2*l = 6*l - 4*m - 920. Let c = l + -99. Let t be 152/10 + (-7)/35. What is the highest common divisor of c and t?
15
Suppose 3*y - 11*y - 32 = 0. Let p be (y/(-26) - (-1818)/13) + 0. Calculate the greatest common factor of p and 10.
10
Suppose -5*a + 12*i = 8*i - 411, 5*i = 2*a - 178. Calculate the greatest common divisor of a and 79.
79
Suppose 0 = y - 4*u - 531 - 158, 690 = y - 3*u. What is the greatest common divisor of y and 9?
9
Let d = 14 - -13. Suppose 5*y + 0*p - 3*p - 385 = 0, 0 = -p - 5. Let s = -71 + y. What is the greatest common divisor of d and s?
3
Let u(c) = -c**2 - 8*c + 1. Let o be u(-5). Let n = o - -30. Suppose 3*k = -3*r + 171, -5*r + 83 = 2*k - n. What is the highest common factor of k and 13?
13
Let k be -30*((-4)/6)/((-8)/6). Let h be (-15)/(-6)*((-168)/k + 0). Calculate the highest common divisor of 112 and h.
28
Suppose -2*y + 25 = 2*j + 81, 2*y + 26 = 4*j. Let t = 26 + y. Calculate the greatest common divisor of 3 and t.
3
Suppose 2*p - 14 + 2 = 0. Suppose -3*d + 68 = -4*h, -2*h - 51 = -2*d - 5*h. Let v be d/10*(0 + (-30)/(-6)). What is the highest common divisor of p and v?
6
Suppose 27 = 4*n - 1. Let h = -106 + 70. Let q be (-4)/(h/21)*27. What is the greatest common factor of n and q?
7
Let c = 45 + -42. Suppose 34 - 13 = c*a. Calculate the greatest common factor of 1 and a.
1
Let w(a) = a**2 + a. Let d be w(-1). Suppose d = g - 2 + 7. Let m be 6/(-2)*1 - g. Calculate the greatest common factor of m and 14.
2
Let b = 28 - -6. Suppose 2*l + b = 3*l. Suppose o = 2*o - l. What is the highest common factor of 85 and o?
17
Let z = -263 + 276. Calculate the greatest common divisor of 91 and z.
13
Let w(f) = 10*f**2 + 108*f + 14. Let r be w(-18). Calculate the highest common divisor of 10 and r.
10
Let w be (-31)/(-1) - (0 - -2). Let k = -1099 - -1128. What is the highest common factor of w and k?
29
Let s(g) = -g - 4. Let y be s(-9). Suppose y*w + 34 = 7*w. Calculate the greatest common divisor of 34 and w.
17
Let b(h) = 6*h - 1. Let z be b(3). Let v be -6 - -53 - -4 - (-2 + 0). Let l = v - z. What is the highest common factor of 18 and l?
18
Suppose -2*o - o + 72 = 0. Suppose 2*a = 4*h - 12, 4*h = -a - 0*h + 6. Let q be a - 27/(-15) - (-181)/5. Calculate the highest common divisor of q and o.
12
Let l = -6 - -6. Let u be 1 + (-20)/4 - l. Let n(x) = x**2 + 2*x + 6. Let i be n(u). What is the highest common factor of 2 and i?
2
Let p be 246/4*(-2)/9*-33. Calculate the greatest common factor of 41 and p.
41
Let a be -14 + (45/20 - (-9)/12). Let k be -2*1*(a + 0)*1. Calculate the highest common divisor of 22 and k.
22
Let k = 44 + -23. Let p = -231 - -120. Let y = 120 - p. What is the greatest common factor of k and y?
21
Let g(n) = -n**2 + 5*n. Let p be g(4). Suppose -p*h + 7 = -17. Calculate the greatest common divisor of h and 54.
6
Let y = 6 + -2. Suppose -142 = -y*d - 2. What is the greatest common divisor of d and 5?
5
Let w = 3115 + -2331. Calculate the greatest common divisor of w and 64.
16
Let o = -10 + 55. Suppose 18 = -6*l + 48. What is the greatest common factor of o and l?
5
Suppose -2*x = -3*p + 54, x = -4*p - 15 + 87. Suppose -r = -4*r + 27. Calculate the highest common divisor of r and p.
9
Suppose 2 = 6*n - 28. Suppose n*b = -5*t + 865, 5*t + b - 393 = 452. What is the greatest common factor of t and 24?
24
Suppose -20*x = -3417 - 1383. What is the highest common divisor of x and 16?
16
Let l = -21 + 25. Suppose -2*i + 3*g = -45, l*g = -5*i + 49 + 29. Calculate the highest common divisor of i and 72.
18
Suppose 0 = -6*m + 41 + 55. Let g = -168 + 184. Calculate the greatest common factor of m and g.
16
Suppose -13*p + 11*p + 666 = 0. What is the greatest common factor of p and 18?
9
Suppose -4*j - 8*g + 90 = -7*g, 3*g = 6. Calculate the highest common factor of 495 and j.
11
Let a = -30 + -5. Let f = a + 112. Suppose -4*d = -3*v - 29, 5 = 5*d - 5*v - 25. What is the highest common factor of f and d?
11
Let y = 40 - 10. Let q be 270/36*(-8)/(-6). What is the highest common divisor of y and q?
10
Let l = 0 - -4. Suppose -w + 8 = -4*z, 2*z - 2 = -4. Suppose -u - 60 = -w*u. Calculate the highest common factor of l and u.
4
Suppose 128 = 177*n - 173*n + 5*p, -3*n - 2*p + 96 = 0. Calculate the greatest common divisor of n and 16.
16
Let z(j) = -4*j - 40. Let h be z(-10). Suppose h = 7*q - 94 + 24. Calculate the highest common divisor of q and 4.
2
Suppose 170 = 5*t - 5*k, 4*t = -2*k + 15 + 115. Calculate the highest common divisor of 110 and t.
11
Let u(x) = 35*x**2 - 6*x - 2. Let k be u(3). Suppose -m + k - 48 = 0. What is the highest common divisor of 19 and m?
19
Let p(y) = -y**3 + 12*y**2 - 2*y - 15. Let u be p(7). Suppose -8*l = -2*l - u. What is the greatest common factor of l and 9?
9
Let h(i) = i**2 - 5*i + 5. Let s be (12/8)/((-2)/(-20)). Suppose 0 + s = 3*y. Let p be h(y). Calculate the highest common divisor of 5 and p.
5
Suppose 4*g + 2*t + 68 = -38, 4*g + t + 107 = 0. Let s be g/(-18)*(-100)/(-3). Calculate the greatest common factor of s and 10.
10
Suppose 0 = 3*m + 4*m - 35. Suppose -m*j - 495 = -16*j. What is the greatest common divisor of 5 and j?
5
Suppose -a + 772 = 2*d, -2*d + 2*a + 768 = a. What is the greatest common divisor of d and 35?
35
Suppose p + 1 + 4 = -4*y, -5*p = -5*y - 25. Let r be 2*(4 + (-12)/4). Let d be 955/35 + r/(-7). Calculate the greatest common divisor of p and d.
3
Let g(r) = -r**3 + r**2 - 2*r + 12. Let d be g(0). Let z = 55 - 39. Let u be (z/6)/(6/27). Calculate the greatest common factor of u and d.
12
Let h(b) = 2*b + 2. Let f be h(0). Let l be 98/4 + f/4 + -1. Suppose -8*i + 48 = -4*i. What is the highest common factor of i and l?
12
Let s be 75/18 + 1/(-6). Let m(h) = h - 3. Let o be m(s). What is the greatest common factor of 9 and o?
1
Let c(z) = z + 10. Let j be c(-7). Let f be ((-148)/(-6))/((-1)/j). Let a be 1/(-4) + f/(-8). What is the greatest common factor of 63 and a?
9
Suppose -4*z + 8 = 0, -15*o - z + 286 = -11*o. What is the highest common divisor of 923 and o?
71
Let m be 114/(-4)*(-2)/3. Let y be (1*(-2 + 0))/(17 - m). Let q = -8 - -15. Calculate the greatest common factor of q and y.
1
Let s be 240*(-8)/(64/(-18)). Calculate the highest common factor of 120 and s.
60
Let c = 869 + -861. Suppose 126 = 5*x - 154. What is the greatest common divisor of c and x?
8
Suppose 0 = 4*r - 0*r + 56. Let c = r - -14. Let o be 60/15 - (c - 26). What is the greatest common divisor of 20 and o?
10
Let w = -191 - -884.